d by 130.
119
What is the remainder when 100 is divided by 38?
24
Calculate the remainder when 1583 is divided by 66.
65
What is the remainder when 3419 is divided by 11?
9
What is the remainder when 177 is divided by 60?
57
What is the remainder when 1293 is divided by 57?
39
Calculate the remainder when 683 is divided by 219.
26
Calculate the remainder when 156 is divided by 43.
27
Calculate the remainder when 113 is divided by 38.
37
Calculate the remainder when 1288 is divided by 167.
119
What is the remainder when 731 is divided by 243?
2
What is the remainder when 498 is divided by 2?
0
What is the remainder when 1934 is divided by 44?
42
What is the remainder when 229 is divided by 29?
26
What is the remainder when 195 is divided by 54?
33
What is the remainder when 1424 is divided by 42?
38
What is the remainder when 85 is divided by 11?
8
What is the remainder when 123 is divided by 52?
19
What is the remainder when 701 is divided by 52?
25
Calculate the remainder when 12911 is divided by 22.
19
What is the remainder when 143 is divided by 17?
7
Calculate the remainder when 779 is divided by 75.
29
Calculate the remainder when 622 is divided by 221.
180
Calculate the remainder when 194 is divided by 15.
14
Calculate the remainder when 2016 is divided by 327.
54
What is the remainder when 2550 is divided by 142?
136
Calculate the remainder when 299 is divided by 65.
39
What is the remainder when 60 is divided by 18?
6
Calculate the remainder when 180 is divided by 26.
24
Calculate the remainder when 48 is divided by 16.
0
Calculate the remainder when 78 is divided by 44.
34
What is the remainder when 190 is divided by 68?
54
Calculate the remainder when 410 is divided by 131.
17
What is the remainder when 3299 is divided by 39?
23
Calculate the remainder when 1836 is divided by 168.
156
Calculate the remainder when 133 is divided by 67.
66
What is the remainder when 93 is divided by 13?
2
Calculate the remainder when 64 is divided by 11.
9
Calculate the remainder when 1965 is divided by 47.
38
Calculate the remainder when 4608 is divided by 10.
8
What is the remainder when 186 is divided by 38?
34
What is the remainder when 300 is divided by 74?
4
What is the remainder when 345 is divided by 35?
30
Calculate the remainder when 833 is divided by 44.
41
What is the remainder when 812 is divided by 214?
170
Calculate the remainder when 196 is divided by 51.
43
What is the remainder when 612 is divided by 28?
24
Calculate the remainder when 87 is divided by 11.
10
Calculate the remainder when 1377 is divided by 230.
227
Calculate the remainder when 216 is divided by 73.
70
What is the remainder when 433 is divided by 31?
30
What is the remainder when 189 is divided by 2?
1
What is the remainder when 305 is divided by 29?
15
Calculate the remainder when 61 is divided by 37.
24
What is the remainder when 16 is divided by 16?
0
Calculate the remainder when 1254 is divided by 40.
14
What is the remainder when 4669 is divided by 15?
4
Calculate the remainder when 52 is divided by 7.
3
Calculate the remainder when 2850 is divided by 33.
12
Calculate the remainder when 596 is divided by 181.
53
Calculate the remainder when 349 is divided by 21.
13
Calculate the remainder when 3219 is divided by 401.
11
Calculate the remainder when 62 is divided by 37.
25
What is the remainder when 3088 is divided by 103?
101
Calculate the remainder when 182 is divided by 21.
14
What is the remainder when 752 is divided by 93?
8
Calculate the remainder when 270 is divided by 31.
22
What is the remainder when 141 is divided by 43?
12
What is the remainder when 937 is divided by 132?
13
Calculate the remainder when 1114 is divided by 80.
74
What is the remainder when 71 is divided by 25?
21
What is the remainder when 202 is divided by 26?
20
What is the remainder when 340 is divided by 340?
0
What is the remainder when 1200 is divided by 67?
61
What is the remainder when 7074 is divided by 58?
56
What is the remainder when 13042 is divided by 49?
8
Calculate the remainder when 180 is divided by 38.
28
What is the remainder when 2685 is divided by 64?
61
Calculate the remainder when 803 is divided by 168.
131
What is the remainder when 697 is divided by 16?
9
Calculate the remainder when 1063 is divided by 13.
10
What is the remainder when 74 is divided by 20?
14
Calculate the remainder when 2825 is divided by 14.
11
What is the remainder when 40 is divided by 15?
10
What is the remainder when 379 is divided by 48?
43
What is the remainder when 282 is divided by 239?
43
Calculate the remainder when 613 is divided by 15.
13
Calculate the remainder when 56 is divided by 12.
8
Calculate the remainder when 181 is divided by 32.
21
Calculate the remainder when 1178 is divided by 9.
8
Calculate the remainder when 339 is divided by 22.
9
What is the remainder when 32 is divided by 9?
5
What is the remainder when 431 is divided by 27?
26
What is the remainder when 435 is divided by 22?
17
Calculate the remainder when 107 is divided by 27.
26
Calculate the remainder when 267 is divided by 93.
81
What is the remainder when 252 is divided by 17?
14
What is the remainder when 1712 is divided by 44?
40
What is the remainder when 536 is divided by 122?
48
Calculate the remainder when 68 is divided by 29.
10
Calculate the remainder when 60 is divided by 7.
4
Calculate the remainder when 124 is divided by 21.
19
What is the remainder when 1122 is divided by 9?
6
What is the remainder when 150 is divided by 31?
26
What is the remainder when 221 is divided by 37?
36
What is the remainder when 230 is divided by 61?
47
What is the remainder when 211 is divided by 74?
63
Calculate the remainder when 60 is divided by 7.
4
What is the remainder when 1222 is divided by 9?
7
What is the remainder when 59 is divided by 9?
5
What is the remainder when 10618 is divided by 177?
175
What is the remainder when 52069 is divided by 283?
280
Calculate the remainder when 370 is divided by 360.
10
What is the remainder when 3555 is divided by 273?
6
Calculate the remainder when 59 is divided by 4.
3
Calculate the remainder when 155 is divided by 5.
0
What is the remainder when 5672 is divided by 5?
2
What is the remainder when 2061 is divided by 9?
0
Calculate the remainder when 250 is divided by 61.
6
What is the remainder when 99 is divided by 15?
9
What is the remainder when 307 is divided by 290?
17
What is the remainder when 410 is divided by 4?
2
What is the remainder when 305 is divided by 14?
11
Calculate the remainder when 429 is divided by 63.
51
Calculate the remainder when 4738 is divided by 79.
77
Calculate the remainder when 51 is divided by 36.
15
What is the remainder when 44 is divided by 17?
10
Calculate the remainder when 157 is divided by 38.
5
What is the remainder when 482 is divided by 475?
7
What is the remainder when 993 is divided by 59?
49
Calculate the remainder when 447 is divided by 218.
11
What is the remainder when 411 is divided by 30?
21
What is the remainder when 38 is divided by 14?
10
Calculate the remainder when 471 is divided by 32.
23
What is the remainder when 191 is divided by 72?
47
Calculate the remainder when 370 is divided by 3.
1
What is the remainder when 310 is divided by 8?
6
Calculate the remainder when 580 is divided by 185.
25
Calculate the remainder when 1495 is divided by 14.
11
Calculate the remainder when 438 is divided by 48.
6
What is the remainder when 3610 is divided by 23?
22
What is the remainder when 597 is divided by 60?
57
Calculate the remainder when 425 is divided by 33.
29
What is the remainder when 5217 is divided by 145?
142
What is the remainder when 4382 is divided by 32?
30
Calculate the remainder when 130 is divided by 57.
16
What is the remainder when 40 is divided by 1?
0
What is the remainder when 943 is divided by 63?
61
What is the remainder when 5793 is divided by 100?
93
Calculate the remainder when 424 is divided by 207.
10
Calculate the remainder when 7917 is divided by 5.
2
What is the remainder when 3700 is divided by 95?
90
What is the remainder when 415 is divided by 38?
35
What is the remainder when 1172 is divided by 561?
50
What is the remainder when 71 is divided by 9?
8
What is the remainder when 163 is di